by 31836422?
2
What is the remainder when 123660047 is divided by 5620909?
49
What is the remainder when 183681940 is divided by 4620?
4600
Calculate the remainder when 307979 is divided by 1305.
1304
What is the remainder when 10842507 is divided by 30?
27
Calculate the remainder when 7777409 is divided by 3879.
14
Calculate the remainder when 188595 is divided by 1440.
1395
Calculate the remainder when 4115908 is divided by 930.
658
Calculate the remainder when 7992322 is divided by 998985.
442
Calculate the remainder when 99978 is divided by 317.
123
Calculate the remainder when 105185212 is divided by 1681.
1680
Calculate the remainder when 111741 is divided by 37203.
132
Calculate the remainder when 100257658 is divided by 60.
58
What is the remainder when 345990 is divided by 125?
115
Calculate the remainder when 112654483 is divided by 45.
43
Calculate the remainder when 1699135 is divided by 42.
25
Calculate the remainder when 1455863 is divided by 727921.
21
What is the remainder when 27583376 is divided by 9194426?
98
What is the remainder when 1381416 is divided by 28?
8
Calculate the remainder when 97599336 is divided by 53.
48
Calculate the remainder when 869371 is divided by 72398.
595
Calculate the remainder when 258132 is divided by 213.
189
What is the remainder when 612845 is divided by 2163?
716
Calculate the remainder when 238517 is divided by 102.
41
Calculate the remainder when 14118824 is divided by 1405.
1384
What is the remainder when 26533720 is divided by 2412154?
26
Calculate the remainder when 13098822 is divided by 3376.
3318
What is the remainder when 103971455 is divided by 12?
11
Calculate the remainder when 387337 is divided by 126201.
8734
What is the remainder when 288324 is divided by 96024?
252
Calculate the remainder when 117747 is divided by 36844.
7215
What is the remainder when 617872 is divided by 1364?
1344
What is the remainder when 74265506 is divided by 3619?
7
Calculate the remainder when 288966 is divided by 3928.
2222
Calculate the remainder when 73760956 is divided by 416.
412
Calculate the remainder when 9199265 is divided by 76.
73
Calculate the remainder when 136773 is divided by 136763.
10
What is the remainder when 917538 is divided by 425?
388
What is the remainder when 7416909 is divided by 1146?
1143
What is the remainder when 70053723 is divided by 70053709?
14
What is the remainder when 51957 is divided by 429?
48
Calculate the remainder when 2620326 is divided by 52.
46
What is the remainder when 15900439 is divided by 349?
348
What is the remainder when 11431722 is divided by 16811?
242
Calculate the remainder when 120388 is divided by 23636.
2208
Calculate the remainder when 2240399 is divided by 8.
7
Calculate the remainder when 368158 is divided by 472.
470
Calculate the remainder when 625654129 is divided by 126.
121
Calculate the remainder when 3090485 is divided by 1545181.
123
What is the remainder when 379321 is divided by 79?
42
Calculate the remainder when 127360 is divided by 6000.
1360
Calculate the remainder when 160305 is divided by 160204.
101
Calculate the remainder when 121133 is divided by 7338.
3725
Calculate the remainder when 2772968 is divided by 1386392.
184
Calculate the remainder when 94045 is divided by 88.
61
What is the remainder when 83740 is divided by 5242?
5110
What is the remainder when 42706609 is divided by 1095041?
10
What is the remainder when 528555 is divided by 4750?
1305
What is the remainder when 127186 is divided by 7044?
394
What is the remainder when 1155673 is divided by 15617?
15
Calculate the remainder when 25998 is divided by 25771.
227
What is the remainder when 983654 is divided by 334?
24
Calculate the remainder when 42925642 is divided by 3590.
12
What is the remainder when 523910 is divided by 174621?
47
What is the remainder when 20821546 is divided by 553?
543
What is the remainder when 235860 is divided by 602?
478
What is the remainder when 135015 is divided by 4246?
3389
What is the remainder when 447193625 is divided by 59?
57
Calculate the remainder when 8662 is divided by 359.
46
What is the remainder when 10890999 is divided by 305?
59
Calculate the remainder when 9379 is divided by 99.
73
Calculate the remainder when 8814990 is divided by 17629.
490
Calculate the remainder when 796913 is divided by 2415.
2378
What is the remainder when 157153914 is divided by 480593?
3
What is the remainder when 870174 is divided by 1960?
1894
Calculate the remainder when 533866 is divided by 1023.
883
What is the remainder when 3334325 is divided by 269?
70
Calculate the remainder when 83045879 is divided by 41522928.
23
Calculate the remainder when 43907924 is divided by 327.
326
Calculate the remainder when 2677954 is divided by 39380.
114
Calculate the remainder when 61533 is divided by 11997.
1548
What is the remainder when 607469 is divided by 101201?
263
What is the remainder when 63570 is divided by 795?
765
What is the remainder when 253125 is divided by 19011?
5982
Calculate the remainder when 2619648 is divided by 1254.
42
Calculate the remainder when 493426 is divided by 1161.
1
What is the remainder when 132135 is divided by 14161?
4686
What is the remainder when 534449 is divided by 913?
344
What is the remainder when 12942 is divided by 18?
0
Calculate the remainder when 36762 is divided by 1701.
1041
What is the remainder when 1440256 is divided by 33494?
14
What is the remainder when 1269501 is divided by 7692?
321
Calculate the remainder when 486959 is divided by 1576.
1551
What is the remainder when 121400087 is divided by 46?
15
Calculate the remainder when 4939034 is divided by 213.
203
What is the remainder when 2094 is divided by 284?
106
What is the remainder when 2110221 is divided by 20?
1
Calculate the remainder when 45069 is divided by 1090.
379
What is the remainder when 230741 is divided by 114779?
1183
Calculate the remainder when 2461879 is divided by 60.
19
What is the remainder when 125197 is divided by 1319?
1211
Calculate the remainder when 17643374 is divided by 5881122.
8
What is the remainder when 2707914 is divided by 81?
3
Calculate the remainder when 484520 is divided by 258.
254
What is the remainder when 123629 is divided by 1507?
55
Calculate the remainder when 7034 is divided by 575.
134
What is the remainder when 36297 is divided by 1264?
905
Calculate the remainder when 45192 is divided by 15.
12
What is the remainder when 3375689 is divided by 57?
35
What is the remainder when 56060230 is divided by 81?
49
What is the remainder when 12591123 is divided by 3523?
3444
What is the remainder when 1743640 is divided by 37?
15
What is the remainder when 1467598 is divided by 366636?
1054
Calculate the remainder when 7751515 is divided by 1538.
1533
Calculate the remainder when 48671987 is divided by 1370.
1367
Calculate the remainder when 233181921 is divided by 354.
351
What is the remainder when 1302051 is divided by 2321?
2291
Calculate the remainder when 148252 is divided by 73617.
1018
Calculate the remainder when 584237 is divided by 194686.
179
What is the remainder when 135275 is divided by 2600?
75
Calculate the remainder when 1012645 is divided by 2340.
1765
What is the remainder when 447640 is divided by 704?
600
Calculate the remainder when 2227782 is divided by 58.
2
What is the remainder when 8631838 is divided by 392?
390
What is the remainder when 778899 is divided by 778896?
3
Calculate the remainder when 11681236 is divided by 182519.
20
Calculate the remainder when 1078805 is divided by 2698.
2303
Calculate the remainder when 3974178 is divided by 1125.
678
Calculate the remainder when 2789803 is divided by 46.
41
Calculate the remainder when 1424646 is divided by 4719.
4227
What is the remainder when 2085528 is divided by 8117?
7576
Calculate the remainder when 53361 is divided by 181.
147
What is the remainder when 2560962 is divided by 755?
2
Calculate the remainder when 21674595 is divided by 33.
30
What is the remainder when 1325256 is divided by 328?
136
Calculate the remainder when 3618759 is divided by 143.
1
What is the remainder when 4538883 is divided by 11?
8
What is the remainder when 1978627 is divided by 24?
19
What is the remainder when 138143 is divided